{"id":2809,"date":"2024-05-30T15:32:34","date_gmt":"2024-05-30T13:32:34","guid":{"rendered":"https:\/\/sisenenergia.com\/index.php\/dashboard\/"},"modified":"2025-10-06T18:37:05","modified_gmt":"2025-10-06T16:37:05","slug":"dashboard","status":"publish","type":"page","link":"https:\/\/sisenenergia.com\/index.php\/dashboard\/","title":{"rendered":"Dashboard"},"content":{"rendered":"\t\t<div data-elementor-type=\"wp-page\" data-elementor-id=\"2809\" class=\"elementor elementor-2809\" data-elementor-post-type=\"page\">\n\t\t\t\t<div data-particle_enable=\"false\" data-particle-mobile-disabled=\"false\" class=\"elementor-element elementor-element-6c010f2 e-con-full jedv-enabled--yes e-flex e-con e-parent\" data-id=\"6c010f2\" data-element_type=\"container\" data-settings=\"{&quot;jet_parallax_layout_list&quot;:[]}\">\n\t\t\t\t<div class=\"elementor-element elementor-element-3d4e6ca elementor-widget elementor-widget-eael-login-register\" data-id=\"3d4e6ca\" data-element_type=\"widget\" data-widget_type=\"eael-login-register.default\">\n\t\t\t\t<div class=\"elementor-widget-container\">\n\t\t\t\t\t        <div class=\"eael-login-registration-wrapper \"\n             data-is-ajax=\"yes\"\n             data-widget-id=\"3d4e6ca\"\n             data-page-id=\"2809\"\n             data-recaptcha-sitekey=\"\"\n\t\t\t data-recaptcha-sitekey-v3=\"\"\n\t\t\t data-login-recaptcha-version=\"v2\"\n\t\t\t data-register-recaptcha-version=\"v2\"\n\t\t\t data-lostpassword-recaptcha-version=\"v2\"\n             data-redirect-to=\"https:\/\/sisenenergia.com\/index.php\/dashboard\/\"\n             data-resetpassword-redirect-to=\"https:\/\/sisenenergia.com\/index.php\/dashboard\/\"\n        >\n\t\t\t            <section id=\"eael-login-form-wrapper\" class=\"\" data-recaptcha-theme=\"light\" data-recaptcha-size=\"normal\">\n                <div class=\"eael-login-form-wrapper eael-lr-form-wrapper style-2 \">\n\t\t\t\t\t                        <div class=\"lr-form-wrapper\">\n\t\t\t\t\t\t\t        <div class=\"lr-form-header header-left\">\n\t\t\t                <div class=\"form-logo \">\n                    <img decoding=\"async\" src=\"https:\/\/sisenenergia.com\/wp-content\/uploads\/2025\/01\/Sin-titulo-500-x-500-px-1.png\"\n                         alt=\"Imagen de logo del formulario\">\n                <\/div>\n\t\t\t\n\t\t\t                <div class=\"form-dsc\">\n\t\t\t\t\t<h4>Inicio de Secci\u00f3n<\/h4>                <\/div>\n\t\t\t        <\/div>\n\t\t\t\t\t\t\t\t\t                            <form class=\"eael-login-form eael-lr-form\"\n                                  id=\"eael-login-form\"\n                                  method=\"post\">\n\t\t\t\t\t\t\t\t                                <div class=\"eael-lr-form-group eael-user-login\">\n\t\t\t\t\t\t\t\t\t                                    <input type=\"text\"\n                                           name=\"eael-user-login\"\n                                           id=\"eael-user-login\"\n                                           class=\"eael-lr-form-control\"\n                                           placeholder=\"Usuario o  Correo Electr\u00f3nico\"\n                                           required autocomplete=\"username email\">\n\t\t\t\t\t\t\t\t\t                                <\/div>\n                                <div class=\"eael-lr-form-group eael-user-password\">\n\t\t\t\t\t\t\t\t\t                                    <div class=\"eael-lr-password-wrapper\">\n                                        <input type=\"password\"\n                                               name=\"eael-user-password\"\n                                               class=\"eael-lr-form-control\"\n                                               id=\"eael-user-password\"\n                                               placeholder=\"Contrase\u00f1a\"\n                                               required autocomplete=\"current-password\">\n\t\t\t\t\t\t\t\t\t\t                                            <button type=\"button\"\n                                                    id=\"wp-hide-pw\"\n                                                    class=\"wp-hide-pw hide-if-no-js\"\n                                                    aria-label=\"Show password\">\n                                                <span class=\"dashicons dashicons-visibility\"\n                                                      aria-hidden=\"true\"><\/span>\n                                            <\/button>\n\t\t\t\t\t\t\t\t\t\t\t\t\t\t\t\t\t\t\t\t                                    <\/div>\n                                <\/div>\n                                <div class=\"eael-forever-forget eael-lr-form-group\">\n\t\t\t\t\t\t\t\t\t                                        <p class=\"forget-menot\">\n                                            <input name=\"eael-rememberme\" type=\"checkbox\" id=\"rememberme\"  class=\"remember-me \" value=\"forever\">\n                                            <label for=\"rememberme\" class=\"eael-checkbox-label rememberme\">Recu\u00e9rdame<\/label>\n                                        <\/p>\n\t\t\t\t\t\t\t\t\t<p class=\"forget-pass\"><a href=\"https:\/\/sisenenergia.com\/wp-login.php?action=lostpassword\">\u00bfHas olvidado la contrase\u00f1a?<\/a><\/p>\n                                <\/div>\n\n\t\t\t\t\t\t\t\t\n\n                                <div class=\"eael-lr-footer\">\n\t\t\t\t\t\t\t\t\t<div class=\"eael-lr-form-loader-wrapper\">\n\t\t\t\t\t\t\t\t\t\t<button type=\"submit\" name=\"eael-login-submit\" id=\"eael-login-submit\" class=\"g-recaptcha eael-lr-btn eael-lr-btn-block \">\n\t\t\t\t\t\t\t\t\t\t\tAcceder\t\t\t\t\t\t\t\t\t\t<\/button>\n\t\t\t\t\t\t\t\t\t\t\n\t\t\t\t\t\t\t\t\t\t\n\t\t\t\t\t\t\t\t\t<\/div>\n\t\t\t\t\t\t\t\t\t                                        <div class=\"eael-sign-wrapper \">\n\t\t\t\t\t\t\t\t\t\t\t<span class=\"d-ib\"> <\/span> <a href=\"\" id=\"eael-lr-reg-toggle\" class=\"eael-lr-link\" data-action=\"form\">Registrarse<\/a>                                        <\/div>\n\t\t\t\t\t\t\t\t\t\n                                <\/div>\n\t\t\t\t\t\t\t\t<div class=\"eael-form-validation-container\"><\/div>                <input type=\"hidden\"\n                       name=\"redirect_to\"\n                       value=\"https:\/\/sisenenergia.com\/index.php\/dashboard\/\">\n\t\t\t<input type=\"hidden\" id=\"eael-login-nonce\" name=\"eael-login-nonce\" value=\"d36955bc8a\" \/><input type=\"hidden\" name=\"_wp_http_referer\" value=\"\/index.php\/wp-json\/wp\/v2\/pages\/2809\" \/>        <input type=\"hidden\"\n               name=\"page_id\"\n               value=\"2809\">\n\t\t<input type=\"hidden\"\n               name=\"page_id_for_popup\"\n               value=\"2809\">\t   \n\t\t<input type=\"hidden\"\n               name=\"resetpassword_in_popup_selector\"\n               value=\"\">\n        <input type=\"hidden\"\n               name=\"widget_id\"\n               value=\"3d4e6ca\">\n\t\t                            <\/form>\n\t\t\t\t\t\t\t                        <\/div>\n\t\t\t\t\t\t                <\/div>\n\n            <\/section>\n\n\t\t\t<script>\n\t\t\t\tjQuery(document).ready(function($){\n\t\t\t\t\tvar eael_get_login_status = localStorage.getItem( 'eael-is-login-form' );\n\t\t\t\t\tif( eael_get_login_status === 'true' ) {\n\t\t\t\t\t\tsetTimeout(function() {\n\t\t\t\t\t\t\tvar button = jQuery('[eael-login=\"yes\"]');\n\t\t\t\t\t\t\tif( ! button.hasClass('eael-clicked') ) {\n\t\t\t\t\t\t\t\tbutton.trigger('click').addClass('eael-clicked');\n\t\t\t\t\t\t\t}\n\t\t\t\t\t\t}, 100);\n\n\t\t\t\t\t\tsetTimeout(function() {\n\t\t\t\t\t\t\tjQuery('[eael-login=\"yes\"]').removeClass('eael-clicked')\n\t\t\t\t\t\t}, 500);\n\t\t\t\t\t}\n\t\t\t\t});\n\t\t\t<\/script>\n\t\t\t            <section\n                    id=\"eael-register-form-wrapper\"\n                    class=\"eael-lr-d-none\"\n                    data-recaptcha-theme=\"light\"\n                    data-recaptcha-size=\"normal\"\n                    data-use-weak-password=\"1\"\n                    data-password-min-length=\"\"\n                    data-password-one-uppercase=\"\"\n                    data-password-one-lowercase=\"\"\n                    data-password-one-number=\"\"\n                    data-password-one-special=\"\"\n\t\t\t\t\t>\n                <div class=\"eael-register-form-wrapper eael-lr-form-wrapper style-2 \">\n\t\t\t\t\t                    <div class=\"lr-form-wrapper\">\n\t\t\t\t\t\t        <div class=\"lr-form-header header-left\">\n\t\t\t                <div class=\"form-logo \">\n                    <img decoding=\"async\" src=\"https:\/\/sisenenergia.com\/wp-content\/uploads\/2025\/01\/Sin-titulo-500-x-500-px-1.png\"\n                         alt=\"Imagen de logo del formulario\">\n                <\/div>\n\t\t\t\n\t\t\t                <div class=\"form-dsc\">\n\t\t\t\t\t<h4>Registro<\/h4>                <\/div>\n\t\t\t        <\/div>\n\t\t                        <form class=\"eael-register-form eael-lr-form\"\n                              id=\"eael-register-form\"\n                              method=\"post\"\n\t\t\t\t\t\t\t  \t\t\t\t\t\t\t  >\n\t\t\t\t\t\t\t\t\t\t\t\t\t\t                                <div class=\"eael-lr-form-group elementor-repeater-item-8afd3f3 eael-field-type-user_name\">\n\t\t\t\t\t\t\t\t\t<input name=\"user_name\" type=\"text\" placeholder=\"Nombre de usuario\" class=\"eael-lr-form-control form-field-user_name\" id=\"form-field-user_name\">\n\t\t\t\t\t\t\t\t<\/div>                                <div class=\"eael-lr-form-group elementor-repeater-item-6def19b eael-field-type-email\">\n\t\t\t\t\t\t\t\t\t<input name=\"email\" type=\"email\" placeholder=\"Correo electr\u00f3nico\" class=\"eael-lr-form-control form-field-email\" id=\"form-field-email\" required=\"required\" aria-required=\"true\">\n\t\t\t\t\t\t\t\t<\/div>                                <div class=\"eael-lr-form-group elementor-repeater-item-bc55bab eael-field-type-password\">\n\t\t\t\t\t\t\t\t\t<div class=\"eael-lr-password-wrapper-register\"><input name=\"password\" type=\"password\" placeholder=\"Contrase\u00f1a\" class=\"eael-lr-form-control form-field-password\" id=\"form-field-password\" required=\"required\" aria-required=\"true\"><\/div>\n\t\t\t\t\t\t\t\t        <div class='pass-meta-info' data-strength-options=\"{&quot;show_ps_meter&quot;:&quot;yes&quot;,&quot;show_pass_strength&quot;:&quot;&quot;,&quot;ps_text_type&quot;:&quot;&quot;}\">\n\t\t\t<meter max=\"4\" class=\"eael-pass-meter\" value=\"\" style=\"display: none\"><\/meter>        <\/div>\n\t\t<\/div>                                <div class=\"eael-lr-form-group elementor-repeater-item-6daff91 eael-field-type-confirm_pass\">\n\t\t\t\t\t\t\t\t\t<input name=\"confirm_pass\" type=\"password\" placeholder=\"Confirmar  Contrase\u00f1a\" class=\"eael-lr-form-control form-field-confirm_pass\" id=\"form-field-confirm_pass\" required=\"required\" aria-required=\"true\">\n\t\t\t\t\t\t\t\t<\/div><input type=\"hidden\" id=\"eael-register-nonce\" name=\"eael-register-nonce\" value=\"a0c61b313c\" \/><input type=\"hidden\" name=\"_wp_http_referer\" value=\"\/index.php\/wp-json\/wp\/v2\/pages\/2809\" \/>        <input type=\"hidden\"\n               name=\"page_id\"\n               value=\"2809\">\n\t\t<input type=\"hidden\"\n               name=\"page_id_for_popup\"\n               value=\"2809\">\t   \n\t\t<input type=\"hidden\"\n               name=\"resetpassword_in_popup_selector\"\n               value=\"\">\n        <input type=\"hidden\"\n               name=\"widget_id\"\n               value=\"3d4e6ca\">\n\t\t\n                            <div class=\"eael-lr-footer\">\n\t\t\t\t\t\t\t\t<div class=\"eael-lr-form-loader-wrapper\">\n\t\t\t\t\t\t\t\t\t<button type=\"submit\" name=\"eael-register-submit\" id=\"eael-register-submit\" class=\"eael-lr-btn eael-lr-btn-block\">\n\t\t\t\t\t\t\t\t\t\tRegistro\t\t\t\t\t\t\t\t\t<\/button>\n\t\t\t\t\t\t\t\t\t\t\n\t\t\t\t\t\t\t\t\t\n\t\t\t\t\t\t\t\t<\/div>\n\t\t\t\t\t\t\t\t                                    <div class=\"eael-sign-wrapper \">\n\t\t\t\t\t\t\t\t\t\t<span class=\"d-ib\"> <\/span> <a href=\"\" id=\"eael-lr-login-toggle\" class=\"eael-lr-link\" data-action=\"form\">Acceder<\/a>                                    <\/div>\n\t\t\t\t\t\t\t\t                            <\/div>\n\n\t\t\t\t\t\t\t<div class=\"eael-form-validation-container\"><\/div>\t\t\t\t\t\t\t                        <\/form>\n\t\t\t\t\t\t                    <\/div>\n\t\t\t\t\t                <\/div>\n            <\/section>\n\t\t\t            <section\n                    id=\"eael-lostpassword-form-wrapper\"\n                    class=\"eael-lr-d-none\"\n\t\t\t\t\tdata-recaptcha-theme=\"light\"\n                    data-recaptcha-size=\"normal\"\n                    >\n                <div class=\"eael-lostpassword-form-wrapper eael-lr-form-wrapper style-2 \">\n\t\t\t\t\t\t\t\t\t\t<div class=\"lr-form-wrapper\">\n\t\t\t\t\t\t        <div class=\"lr-form-header header-left\">\n\t\t\t                <div class=\"form-logo \">\n                    <img decoding=\"async\" src=\"https:\/\/sisenenergia.com\/wp-content\/uploads\/2025\/01\/Sin-titulo-500-x-500-px-1.png\"\n                         alt=\"Imagen de logo del formulario\">\n                <\/div>\n\t\t\t\n\t\t\t        <\/div>\n\t\t\t\t\t\t\t\t\t\t\t\t\t\t<form class=\"eael-lostpassword-form eael-lr-form\" id=\"eael-lostpassword-form\" method=\"post\">\n\t\t\t\t\t\t\t\t\t\t\t\t\t\t<div class=\"eael-lr-form-group \">\n\t\t\t\t\t\t\t\t<label for=\"eael-user-lostpassword\" class=\"eael-field-label\">Nombre de usuario o direcci\u00f3n de correo electr\u00f3nico<\/label>\t\t\t\t\t\t\t\t<input type=\"text\" name=\"eael-user-lostpassword\" id=\"eael-user-lostpassword\" class=\"eael-lr-form-control\" placeholder=\"Nombre de usuario o direcci\u00f3n de correo electr\u00f3nico\" required>\n\t\t\t\t\t\t\t\t\t\t\t\t\t\t\t<\/div>\n\n\t\t\t\t\t\t\t\n\t\t\t\t\t\t\t<div class=\"eael-lr-footer\">\n\t\t\t\t\t\t\t\t<button type=\"submit\" name=\"eael-lostpassword-submit\" id=\"eael-lostpassword-submit\" class=\"g-recaptcha eael-lr-btn eael-lr-btn-block   \">Restablecer la contrase\u00f1a<\/button>\n\t\t\t\t\t\t\t\t\t\t\t\t\t\t\t\t\t<div class=\"eael-sign-wrapper \">\n\t\t\t\t\t\t\t\t\t\t<span class=\"d-ib\"> <\/span> <a href=\"\" id=\"eael-lr-login-toggle-lostpassword\" class=\"eael-lr-link\" data-action=\"form\">Reg\u00edstrate<\/a>\t\t\t\t\t\t\t\t\t<\/div>\n\t\t\t\t\t\t\t\t\n\t\t\t\t\t\t\t<\/div>\n\t\t\t\t\t\t\t<div class=\"eael-form-validation-container\"><\/div><input type=\"hidden\" id=\"eael-lostpassword-nonce\" name=\"eael-lostpassword-nonce\" value=\"35d282c66e\" \/><input type=\"hidden\" name=\"_wp_http_referer\" value=\"\/index.php\/wp-json\/wp\/v2\/pages\/2809\" \/>        <input type=\"hidden\"\n               name=\"page_id\"\n               value=\"2809\">\n\t\t<input type=\"hidden\"\n               name=\"page_id_for_popup\"\n               value=\"2809\">\t   \n\t\t<input type=\"hidden\"\n               name=\"resetpassword_in_popup_selector\"\n               value=\"\">\n        <input type=\"hidden\"\n               name=\"widget_id\"\n               value=\"3d4e6ca\">\n\t\t\t\t\t\t\t\t<\/form>\n\t\t\t\t\t\t\t\t\t\t\t<\/div>\n\t\t\t\t\t                <\/div>\n\n            <\/section>\n\t\t\t        <\/div>\n\n\t\t\t\t\t\t<\/div>\n\t\t\t\t<\/div>\n\t\t\t\t<\/div>\n\t\t\t\t<\/div>\n\t\t","protected":false},"excerpt":{"rendered":"<p>Ya est\u00e1s conectado como Eric Bain. (Salir) Registro Acceder Nombre de usuario o direcci\u00f3n de correo electr\u00f3nico Reg\u00edstrate Escritorio Pedidos Direcciones Detalles de Cuenta Salir Bienvenid@ Eric Bain Escritorio Pedidos Direcciones Detalles de Cuenta Salir Hola Eric Bain (\u00bfno eres Eric Bain? Cerrar sesi\u00f3n) Desde el escritorio de tu cuenta puedes ver tus pedidos recientes, [&hellip;]<\/p>\n","protected":false},"author":1,"featured_media":0,"parent":0,"menu_order":0,"comment_status":"closed","ping_status":"closed","template":"","meta":{"_eb_attr":"","footnotes":""},"yoast_head":"<!-- This site is optimized with the Yoast SEO plugin v23.0 - https:\/\/yoast.com\/wordpress\/plugins\/seo\/ -->\n<title>Dashboard - Sisen Energ\u00eda<\/title>\n<meta name=\"robots\" content=\"noindex, follow, max-snippet:-1, max-image-preview:large, max-video-preview:-1\" \/>\n<meta property=\"og:locale\" content=\"es_ES\" \/>\n<meta property=\"og:type\" content=\"article\" \/>\n<meta property=\"og:title\" content=\"Dashboard - Sisen Energ\u00eda\" \/>\n<meta property=\"og:description\" content=\"Ya est\u00e1s conectado como Eric Bain. (Salir) Registro Acceder Nombre de usuario o direcci\u00f3n de correo electr\u00f3nico Reg\u00edstrate Escritorio Pedidos Direcciones Detalles de Cuenta Salir Bienvenid@ Eric Bain Escritorio Pedidos Direcciones Detalles de Cuenta Salir Hola Eric Bain (\u00bfno eres Eric Bain? Cerrar sesi\u00f3n) Desde el escritorio de tu cuenta puedes ver tus pedidos recientes, [&hellip;]\" \/>\n<meta property=\"og:url\" content=\"https:\/\/sisenenergia.com\/index.php\/dashboard\/\" \/>\n<meta property=\"og:site_name\" content=\"Sisen Energ\u00eda\" \/>\n<meta property=\"article:modified_time\" content=\"2025-10-06T16:37:05+00:00\" \/>\n<meta property=\"og:image\" content=\"http:\/\/sisenenergia.com\/wp-content\/uploads\/2025\/01\/Sin-titulo-500-x-500-px-1.png\" \/>\n<meta name=\"twitter:card\" content=\"summary_large_image\" \/>\n<meta name=\"twitter:label1\" content=\"Tiempo de lectura\" \/>\n\t<meta name=\"twitter:data1\" content=\"2 minutos\" \/>\n<script type=\"application\/ld+json\" class=\"yoast-schema-graph\">{\"@context\":\"https:\/\/schema.org\",\"@graph\":[{\"@type\":\"WebPage\",\"@id\":\"https:\/\/sisenenergia.com\/index.php\/dashboard\/\",\"url\":\"https:\/\/sisenenergia.com\/index.php\/dashboard\/\",\"name\":\"Dashboard - Sisen Energ\u00eda\",\"isPartOf\":{\"@id\":\"https:\/\/sisenenergia.com\/#website\"},\"primaryImageOfPage\":{\"@id\":\"https:\/\/sisenenergia.com\/index.php\/dashboard\/#primaryimage\"},\"image\":{\"@id\":\"https:\/\/sisenenergia.com\/index.php\/dashboard\/#primaryimage\"},\"thumbnailUrl\":\"http:\/\/sisenenergia.com\/wp-content\/uploads\/2025\/01\/Sin-titulo-500-x-500-px-1.png\",\"datePublished\":\"2024-05-30T13:32:34+00:00\",\"dateModified\":\"2025-10-06T16:37:05+00:00\",\"breadcrumb\":{\"@id\":\"https:\/\/sisenenergia.com\/index.php\/dashboard\/#breadcrumb\"},\"inLanguage\":\"es\",\"potentialAction\":[{\"@type\":\"ReadAction\",\"target\":[\"https:\/\/sisenenergia.com\/index.php\/dashboard\/\"]}]},{\"@type\":\"ImageObject\",\"inLanguage\":\"es\",\"@id\":\"https:\/\/sisenenergia.com\/index.php\/dashboard\/#primaryimage\",\"url\":\"https:\/\/sisenenergia.com\/wp-content\/uploads\/2025\/01\/Sin-titulo-500-x-500-px-1.png\",\"contentUrl\":\"https:\/\/sisenenergia.com\/wp-content\/uploads\/2025\/01\/Sin-titulo-500-x-500-px-1.png\",\"width\":500,\"height\":500},{\"@type\":\"BreadcrumbList\",\"@id\":\"https:\/\/sisenenergia.com\/index.php\/dashboard\/#breadcrumb\",\"itemListElement\":[{\"@type\":\"ListItem\",\"position\":1,\"name\":\"Portada\",\"item\":\"https:\/\/sisenenergia.com\/\"},{\"@type\":\"ListItem\",\"position\":2,\"name\":\"Dashboard\"}]},{\"@type\":\"WebSite\",\"@id\":\"https:\/\/sisenenergia.com\/#website\",\"url\":\"https:\/\/sisenenergia.com\/\",\"name\":\"Sisen Energ\u00eda\",\"description\":\"Empresa de electricidad, climatizaci\u00f3n e informatizaci\u00f3n\",\"publisher\":{\"@id\":\"https:\/\/sisenenergia.com\/#organization\"},\"potentialAction\":[{\"@type\":\"SearchAction\",\"target\":{\"@type\":\"EntryPoint\",\"urlTemplate\":\"https:\/\/sisenenergia.com\/?s={search_term_string}\"},\"query-input\":\"required name=search_term_string\"}],\"inLanguage\":\"es\"},{\"@type\":\"Organization\",\"@id\":\"https:\/\/sisenenergia.com\/#organization\",\"name\":\"Sisen Energ\u00eda\",\"url\":\"https:\/\/sisenenergia.com\/\",\"logo\":{\"@type\":\"ImageObject\",\"inLanguage\":\"es\",\"@id\":\"https:\/\/sisenenergia.com\/#\/schema\/logo\/image\/\",\"url\":\"https:\/\/sisenenergia.com\/wp-content\/uploads\/2024\/01\/2.png\",\"contentUrl\":\"https:\/\/sisenenergia.com\/wp-content\/uploads\/2024\/01\/2.png\",\"width\":204,\"height\":65,\"caption\":\"Sisen Energ\u00eda\"},\"image\":{\"@id\":\"https:\/\/sisenenergia.com\/#\/schema\/logo\/image\/\"}}]}<\/script>\n<!-- \/ Yoast SEO plugin. -->","yoast_head_json":{"title":"Dashboard - Sisen Energ\u00eda","robots":{"index":"noindex","follow":"follow","max-snippet":"max-snippet:-1","max-image-preview":"max-image-preview:large","max-video-preview":"max-video-preview:-1"},"og_locale":"es_ES","og_type":"article","og_title":"Dashboard - Sisen Energ\u00eda","og_description":"Ya est\u00e1s conectado como Eric Bain. (Salir) Registro Acceder Nombre de usuario o direcci\u00f3n de correo electr\u00f3nico Reg\u00edstrate Escritorio Pedidos Direcciones Detalles de Cuenta Salir Bienvenid@ Eric Bain Escritorio Pedidos Direcciones Detalles de Cuenta Salir Hola Eric Bain (\u00bfno eres Eric Bain? Cerrar sesi\u00f3n) Desde el escritorio de tu cuenta puedes ver tus pedidos recientes, [&hellip;]","og_url":"https:\/\/sisenenergia.com\/index.php\/dashboard\/","og_site_name":"Sisen Energ\u00eda","article_modified_time":"2025-10-06T16:37:05+00:00","og_image":[{"url":"http:\/\/sisenenergia.com\/wp-content\/uploads\/2025\/01\/Sin-titulo-500-x-500-px-1.png"}],"twitter_card":"summary_large_image","twitter_misc":{"Tiempo de lectura":"2 minutos"},"schema":{"@context":"https:\/\/schema.org","@graph":[{"@type":"WebPage","@id":"https:\/\/sisenenergia.com\/index.php\/dashboard\/","url":"https:\/\/sisenenergia.com\/index.php\/dashboard\/","name":"Dashboard - Sisen Energ\u00eda","isPartOf":{"@id":"https:\/\/sisenenergia.com\/#website"},"primaryImageOfPage":{"@id":"https:\/\/sisenenergia.com\/index.php\/dashboard\/#primaryimage"},"image":{"@id":"https:\/\/sisenenergia.com\/index.php\/dashboard\/#primaryimage"},"thumbnailUrl":"http:\/\/sisenenergia.com\/wp-content\/uploads\/2025\/01\/Sin-titulo-500-x-500-px-1.png","datePublished":"2024-05-30T13:32:34+00:00","dateModified":"2025-10-06T16:37:05+00:00","breadcrumb":{"@id":"https:\/\/sisenenergia.com\/index.php\/dashboard\/#breadcrumb"},"inLanguage":"es","potentialAction":[{"@type":"ReadAction","target":["https:\/\/sisenenergia.com\/index.php\/dashboard\/"]}]},{"@type":"ImageObject","inLanguage":"es","@id":"https:\/\/sisenenergia.com\/index.php\/dashboard\/#primaryimage","url":"https:\/\/sisenenergia.com\/wp-content\/uploads\/2025\/01\/Sin-titulo-500-x-500-px-1.png","contentUrl":"https:\/\/sisenenergia.com\/wp-content\/uploads\/2025\/01\/Sin-titulo-500-x-500-px-1.png","width":500,"height":500},{"@type":"BreadcrumbList","@id":"https:\/\/sisenenergia.com\/index.php\/dashboard\/#breadcrumb","itemListElement":[{"@type":"ListItem","position":1,"name":"Portada","item":"https:\/\/sisenenergia.com\/"},{"@type":"ListItem","position":2,"name":"Dashboard"}]},{"@type":"WebSite","@id":"https:\/\/sisenenergia.com\/#website","url":"https:\/\/sisenenergia.com\/","name":"Sisen Energ\u00eda","description":"Empresa de electricidad, climatizaci\u00f3n e informatizaci\u00f3n","publisher":{"@id":"https:\/\/sisenenergia.com\/#organization"},"potentialAction":[{"@type":"SearchAction","target":{"@type":"EntryPoint","urlTemplate":"https:\/\/sisenenergia.com\/?s={search_term_string}"},"query-input":"required name=search_term_string"}],"inLanguage":"es"},{"@type":"Organization","@id":"https:\/\/sisenenergia.com\/#organization","name":"Sisen Energ\u00eda","url":"https:\/\/sisenenergia.com\/","logo":{"@type":"ImageObject","inLanguage":"es","@id":"https:\/\/sisenenergia.com\/#\/schema\/logo\/image\/","url":"https:\/\/sisenenergia.com\/wp-content\/uploads\/2024\/01\/2.png","contentUrl":"https:\/\/sisenenergia.com\/wp-content\/uploads\/2024\/01\/2.png","width":204,"height":65,"caption":"Sisen Energ\u00eda"},"image":{"@id":"https:\/\/sisenenergia.com\/#\/schema\/logo\/image\/"}}]}},"jetpack_sharing_enabled":true,"_links":{"self":[{"href":"https:\/\/sisenenergia.com\/index.php\/wp-json\/wp\/v2\/pages\/2809"}],"collection":[{"href":"https:\/\/sisenenergia.com\/index.php\/wp-json\/wp\/v2\/pages"}],"about":[{"href":"https:\/\/sisenenergia.com\/index.php\/wp-json\/wp\/v2\/types\/page"}],"author":[{"embeddable":true,"href":"https:\/\/sisenenergia.com\/index.php\/wp-json\/wp\/v2\/users\/1"}],"replies":[{"embeddable":true,"href":"https:\/\/sisenenergia.com\/index.php\/wp-json\/wp\/v2\/comments?post=2809"}],"version-history":[{"count":144,"href":"https:\/\/sisenenergia.com\/index.php\/wp-json\/wp\/v2\/pages\/2809\/revisions"}],"predecessor-version":[{"id":3651,"href":"https:\/\/sisenenergia.com\/index.php\/wp-json\/wp\/v2\/pages\/2809\/revisions\/3651"}],"wp:attachment":[{"href":"https:\/\/sisenenergia.com\/index.php\/wp-json\/wp\/v2\/media?parent=2809"}],"curies":[{"name":"wp","href":"https:\/\/api.w.org\/{rel}","templated":true}]}}